 i(1) is divided by d(9)?
15
Let b be 40/30*-3 + 5 + -1. Suppose 8 = 2*s - b. Calculate the remainder when 22 is divided by s.
2
Suppose -9*a - 29 = -56. Suppose 27 = t - a*l, 4*t - 2*t + 2*l = 14. What is the remainder when 225 is divided by t?
9
Let f(p) = 4*p**2 - 4*p - 182. Calculate the remainder when f(11) is divided by 7.
6
Let s = -34 - -52. Let m be (-132)/726 - (-488)/22. Let z = m - s. Calculate the remainder when 8 is divided by z.
0
Let w(v) = v**2 + 4*v - 4. Let a be w(-5). Suppose -16*j + 23 = -73. Calculate the remainder when j is divided by ((-3)/(-9))/(a/6).
0
Suppose -1065 + 390 = -5*s. Suppose 0*c = i - 2*c - s, 0 = -2*c. Suppose 0 = -5*t + i - 50. What is the remainder when 31 is divided by t?
14
Suppose -5*h = -v + 32, 2*v - 2 - 27 = 3*h. Let x(s) = 9*s - 13. What is the remainder when x(v) is divided by 18?
14
Suppose 2*x - 18 = 0, -4*u + 221 = -x + 4*x + 22. Let f(o) = -32*o - 8. What is the remainder when f(-6) is divided by u?
12
Let z(c) = c**3 - 6*c**2 - c - 29. Calculate the remainder when 2268 is divided by z(8).
84
Let c = -211 + 634. Let b(r) = 151*r**2 + 1657*r - 27. Calculate the remainder when c is divided by b(-11).
15
Suppose 25*o - 124*o = -10185 - 7536. What is the remainder when 894 is divided by o?
178
Suppose -105 = -4*a + 5*d, d = a + 169 - 195. Calculate the remainder when 373/1 + (4 - 5) is divided by a.
22
Let y be (1 - 52)/(-6 + 3). Suppose 8 = -3*g - 4*m + 1, -5*m - y = g. Suppose -6 = -g*p, 2*l + 8*p - 4*p - 28 = 0. What is the remainder when l is divided by 6?
4
Suppose 7*n = 2*n + 2*l + 341, l = -2*n + 140. Suppose 0 = -4*t + n - 13. What is the remainder when 137 is divided by t?
11
Suppose 2*y = -m + 14, 91*y = 4*m + 92*y - 49. Calculate the remainder when 79 is divided by m.
7
Let c be (-4)/(-18) - (141/27 + 3). Let m be c/(-6) + 10/6 - -2. Suppose 0*u + m*u = -n - 9, 0 = 5*n + 3*u - 65. What is the remainder when 26 is divided by n?
10
Let d be -9*(11/9 - (-16)/(-72)). Let u(x) = x + 13. Let h be u(d). Calculate the remainder when 14 is divided by (h/3)/(1/3).
2
Let l = 77 + -86. Let m be (-1 + 14/6)/(l/(-1242)). Suppose -15*z = -7*z - m. Calculate the remainder when z is divided by 13.
10
Let c = 7 + -5. Suppose c*x - 97 = -4*o + 5*o, 3*o + 3 = 0. Let d = x + 5. Calculate the remainder when d is divided by 14.
11
Suppose 0 = -4*c + 16, -4688 = -53*q + 50*q + c. What is the remainder when q is divided by 98?
94
Suppose -3*r = -13 + 10. Let x(m) = 37*m - 12. What is the remainder when 113 is divided by x(r)?
13
Let w = 154 - 146. Suppose -5 = 5*j, w*g - j - 173 = 4*g. Calculate the remainder when g is divided by 23.
20
Let h = -125 + 101. Let o = 59 + h. Calculate the remainder when 174 is divided by o.
34
What is the remainder when 2319 is divided by (306/(-24) - 1)/(4/(-96))?
9
Suppose 2*m + r = 336, 0 = 5*m + 2*r - 5*r - 818. What is the remainder when 359 is divided by m?
27
Let n = -138 - -144. Suppose i = -j + 9, n*i - i + j = 61. Suppose -s + 2*g = -68, 2*g = -s - 0*s + 52. What is the remainder when s is divided by i?
8
Let v = 5070 - 5046. Calculate the remainder when 107 is divided by v.
11
Let i(v) = 5*v + 1. Suppose -2*j - 4*w - 4 = 0, 3*j + 0*j - 21 = 3*w. Suppose -j*s + 52 + 104 = 0. What is the remainder when s is divided by i(4)?
18
Let h(a) = -3*a - 85. Let f be h(-20). Let z = 72 + -107. Let l = f - z. What is the remainder when l is divided by 8?
2
Let i(m) = 4*m**2 + 6*m - 133. What is the remainder when i(-19) is divided by 60?
57
Let r = 4740 + -4732. Calculate the remainder when 6751 is divided by r.
7
Suppose -53*n + 46*n + 4936 = -1147. Calculate the remainder when n is divided by 87.
86
Suppose -5*n = -3*l - 82, 7*n - 3*n + l - 52 = 0. Calculate the remainder when 37 is divided by n.
9
Let k = 152 + -184. Let w = k + 33. Calculate the remainder when 29 is divided by w.
0
Suppose -506 = -4*m + 2*p, -3*m + 258 = -m + 4*p. Let z(a) = 68*a**2 + a. Calculate the remainder when m is divided by z(-1).
60
Let d be 2/(-5)*-6*-35. Let h = d - -106. What is the remainder when 19 is divided by (-18)/(-99) + 172/h?
3
Let q(u) = 2*u**3 - 15*u**2 + 17*u - 10. Let y be q(7). Suppose -3*b - 2 + y = i, -22 = -2*b - 4*i. What is the remainder when 51 is divided by b?
9
Let x(t) = -32*t**2 + 0*t + 7 + 31*t**2 - 4*t + 2 - 2*t. Suppose 0 = 5*r + 4*v - v - 260, 5*r = -v + 260. Calculate the remainder when r is divided by x(-5).
10
Suppose -200 = -3*l + 4*q - 94, -3*l = q - 71. What is the remainder when 1319 is divided by l?
19
Let x = 3017 - 2834. Calculate the remainder when x is divided by 69.
45
Suppose -462*a = -140*a - 52401 - 20371. What is the remainder when 2032 is divided by a?
224
Suppose g = 5*o - 30, 3*o - 2*g = 4*o - 17. Let l(b) = 10 - 8*b**2 - 8*b**2 + 8*b + o*b + 14*b**2. What is the remainder when 19 is divided by l(8)?
1
Suppose -y - o = o - 869, 4323 = 5*y - o. Calculate the remainder when y is divided by 175.
165
Let v(a) = -a**3 + 6*a**2 + 7*a + 10. Let h be 3*-1 - (-124 - 5). What is the remainder when v(7) is divided by 4/(96/h) + 2/(-8)?
0
Suppose 0 = 2*n + 3 + 1, 4*r - 4*n - 24 = 0. Let i be r*15*4/12. What is the remainder when i/8*(144/(-15))/(-4) is divided by 2?
0
Suppose 4*p + 796 = 4*g, 5*p - 686 + 1675 = 2*g. Let z = 245 + p. What is the remainder when z is divided by 969/39 + 4/26?
23
Let a = 34 - 23. Let b(s) = -s**3 + 10*s**2 + 12*s + 22. Let y = 17 + -8. Calculate the remainder when b(a) is divided by y.
6
Let a(v) = -35 - v + 4*v + 12 + 12*v**2 - v**3. Calculate the remainder when 23 is divided by a(12).
10
Suppose 4*v + 5*d - 120 = 0, -2*v - 6*d + 66 = -2*d. Let o = 1668 + -607. Suppose -5*x - 566 + o = 0. Calculate the remainder when x is divided by v.
24
Suppose 14*a = 16*a - 14. Suppose 3*y + a = 4*y. Let u(f) = -f**2 - 41*f - 13. What is the remainder when u(-40) is divided by y?
6
Let m(x) = 5*x**2 - 6*x - 36. Let f(h) = 6*h**2 - 5*h - 37. Let j(z) = -2*f(z) + 3*m(z). What is the remainder when j(6) is divided by 7?
5
Suppose a - 130 = -c - 0*c, 5*a - c - 632 = 0. Suppose 2*y = -3*j + 200, a*j + 5*y - 84 = 126*j. Calculate the remainder when j is divided by 23.
18
Suppose 19*g = 2953 - 901. Let h = 76 - 48. Calculate the remainder when g is divided by h.
24
Let q be (-4)/((-20)/(-1715)) + -5. What is the remainder when (-151)/(-17) - (5 + q/68) is divided by 9?
0
Let s(i) = 5*i + 19. Suppose -2*n - n = -5*m - 59, -3*n + 57 = -3*m. Calculate the remainder when s(n) is divided by 23.
17
Let m(a) = -a**3 + 8*a**2 - a - 4. Let j(q) = -75*q**2 - 166*q. Calculate the remainder when m(6) is divided by j(-2).
30
Let c = -331 + 523. Let d = c - 165. What is the remainder when d is divided by 22?
5
Suppose 0 = -4*a + 4*j + 12, -j = -3*a - 4 + 11. Let r be ((-201)/(-9) - -4) + a/3. Suppose -r*q + 25*q = -70. What is the remainder when q is divided by 9?
8
Suppose 10*o - 147 = -17. Suppose -16*h + o*h + 30 = 0. Let k(q) = 2*q**2 + 8*q - 6. Calculate the remainder when k(-7) is divided by h.
6
Suppose 89*r = -8439 + 21086 + 32565. Calculate the remainder when r is divided by 102.
100
Suppose 0 = -5*d - v + 360, 5*d + 0*d - 3*v - 380 = 0. Suppose 11 = 6*l - d. Suppose -644 = -l*j + 7*j. Calculate the remainder when j is divided by 25.
17
Suppose 1257 = 5*t - 1717 - 1301. What is the remainder when t is divided by 26?
23
Suppose 22*u = 50*u - 1176. Let r(z) = 2*z**2 - 2*z - 7. Let g be r(5). Suppose -2*y + g = 1. Calculate the remainder when u is divided by y.
10
Suppose -5*o = 69*t - 74*t - 270, 4*o = -5*t + 180. What is the remainder when 285 is divided by o?
35
Suppose 2*g = -1 - 3, -x + 1 = -5*g. Let r(o) = 3*o + 38. What is the remainder when 326 is divided by r(x)?
7
Suppose r - 6*r = -5*a - 10, 2*r + 2*a = 12. Let d(k) = -65*k - 1. Calculate the remainder when d(-1) is divided by ((-3)/r)/((-7)/28) + 19.
20
Let j(b) = 14*b + 124. Calculate the remainder when 4/(32/450) - 3/(-4) is divided by j(-8).
9
Suppose -7*k + 8 + 13 = 0. Suppose -d + 13 - 1 = -4*h, -3*d + 54 = -k*h. What is the remainder when 91 is divided by d?
11
Let r = 389 - 189. Let b = 209 - r. What is the remainder when 78 is divided by b?
6
Let w be 7 - (-13)/((-65)/15). Suppose -p + 4*b = -3*p + 34, -p + 7 = w*b. Calculate the remainder when p is divided by 17.
10
Let u be -7 - (0/4